tens digit of f?
6
What is the units digit of (-9)/(-99) + 38194478/693 - 6/(-27)?
5
Let k(w) = w**2 + 2*w - 10. Let h(n) = -2*n**2 - 3*n + 19. Let b(z) = 6*h(z) + 11*k(z). What is the units digit of b(0)?
4
Suppose 5*o + y = 38148, -4*o + 45117 - 14599 = y. Suppose 3*n - 13*n + o = 0. What is the tens digit of n?
6
Let i(h) = -9*h - 11 + 2*h**2 + 60 + 10. What is the units digit of i(15)?
4
Let k(c) = -551*c - 2497. What is the thousands digit of k(-16)?
6
Let v(h) = 5*h**3 - 177*h**2 - 7*h - 275. What is the hundreds digit of v(36)?
3
Suppose -45 = -r + 5*c - 5, 5*c = -r + 80. Suppose -10 = -2*y, m = 6*m - 3*y - r. What is the units digit of m?
5
Suppose -6*u - 567315 = -26*u + 312785. What is the ten thousands digit of u?
4
Suppose 0 = -2*y - x - 105, 2*y + 2*x = 4*y + 102. Let u = y - -42. Let d = u + 92. What is the units digit of d?
2
Let x = 628 - 626. Suppose -2*y + 2144 = x*m, 26*m - 23*m = 2*y + 3206. What is the tens digit of m?
7
Let z(h) = -18726*h - 239. What is the hundreds digit of z(-2)?
2
Let m(x) = -1881*x - 948. What is the units digit of m(-15)?
7
Let t = -7 + 23. Let u = 21 - t. Suppose 5*z = 3*c + 311, c = 2*z - u*z + 195. What is the tens digit of z?
6
Let r be (-21 - -6)/(-5) - -1. What is the units digit of (r/(-2))/(-1) - (0 + -24)?
6
Suppose -4*g + 12 = 0, 35*p - 4*g + 3622 = 37*p. What is the hundreds digit of p?
8
Let u(w) be the second derivative of 9*w**3/2 - 4*w**2 + 10*w + 2. What is the units digit of u(1)?
9
What is the hundreds digit of (2/6*-1)/(32/(-215328))?
2
Suppose -4*j + 29 - 3 = -2*v, -3*v = -j + 19. Suppose 0 = -j*s - 3*r - 311, 0 = s + 5*r - 3*r + 79. Let x = s + 135. What is the units digit of x?
8
Suppose 16 + 84 = 4*a. What is the units digit of (-199)/(10/(-6)*a/125)?
7
Let n(p) = 4*p**2 + 121*p + 56. What is the tens digit of n(37)?
0
Let i(m) = m**2 + 17*m - 5. Let f be i(-10). Let s = -70 - f. Suppose -x = v - 136, s*x + 4 - 152 = -v. What is the units digit of v?
3
Suppose 0 = -22*z + 19*z + 12. Let n be 28/14*50/z. What is the tens digit of (4 - 3) + 2*n?
5
Let g = 2 + -1. Let k = 3791 - 3809. What is the units digit of g*-5 - (k - 10)?
3
Let p be (5/(15/(-21)))/(2/4). What is the tens digit of 56/(-196) - 11834/p?
4
What is the units digit of (-76)/3610*-37487*(-55)/(-1)?
6
Let s = 274 + -570. Let y = s - -499. What is the units digit of y?
3
Let q = -2095 - -3656. Let k = -1060 + q. What is the hundreds digit of k?
5
Let a(p) = 216*p - 414. What is the ten thousands digit of a(72)?
1
Let v(j) = -3*j - 21. Let p be v(-9). Let h(y) = 71*y - 43. Let l(m) = -12*m + 7. Let f(a) = p*h(a) + 34*l(a). What is the units digit of f(5)?
0
Let b(k) = -k**3 + 15*k**2 - 14*k. Let p be b(14). Suppose p = 4*i - 99 + 87. What is the tens digit of (174*i)/(-7 - -9)?
6
Let w(d) = d**2 - 5*d + 16. Let i(c) = -8*c - 3. Let l(o) = -1. Let h(t) = i(t) - 4*l(t). Let p be h(-1). What is the units digit of w(p)?
2
Let c = -12035 - -22911. What is the hundreds digit of c?
8
Suppose -416 = -12*a + 8*a. Suppose -985 - a = -3*d. What is the units digit of d?
3
What is the units digit of 11/154 - ((-1531592)/112 + -1)?
6
Let c(u) = 34*u**2 + 31*u**2 - 66*u**2 - 48*u + 30. What is the hundreds digit of c(-29)?
5
Let d(p) = 16*p**2 - 93*p - 149. What is the hundreds digit of d(-21)?
8
Suppose 38*w - 90851 = 2*w - 11*w. What is the units digit of w?
3
Suppose -5409 + 143562 = 17*g - 149810. What is the hundreds digit of g?
9
Suppose -g - 73713 = -3*s - 4*g, -s + 2*g = -24595. What is the tens digit of s?
7
Let m(d) = -d + 3. Let i be m(1). Suppose -2*j + 842 = -2*a, -77 + 919 = i*j - 4*a. What is the units digit of j?
1
Let q(j) be the first derivative of -19*j**4/4 + 2*j**3/3 - 9*j**2/2 - 21*j - 136. What is the units digit of q(-2)?
7
Let s be 36/(-2) + (-5)/(20/(-12)). Let r(z) = -z**3 - 13*z**2 + 23*z + 26. What is the hundreds digit of r(s)?
1
Let s(a) = 519*a + 1. Suppose 0 = 24*u - 0*u - 48. What is the units digit of s(u)?
9
Suppose 0 = -2*x + 3*t + 56015, -7*t + 6*t - 139992 = -5*x. What is the units digit of x?
7
Suppose -5*b = 4*q - 533 - 190, 2*q - 323 = 3*b. Let t = -31 + 118. Let n = t + q. What is the hundreds digit of n?
2
Let o be (-38)/(-10) + 5/25. Suppose -3*t - b + 359 = 0, -t + 8*b - o*b = -98. What is the hundreds digit of t?
1
Let l = 105939 - 63426. What is the tens digit of l?
1
Let c be 12/(-6)*(22995/10)/(-3). Suppose -c = 7*g - 4914. What is the units digit of g?
3
Suppose 147*i + 12*i - 3067110 = 0. What is the tens digit of i?
9
Suppose 0 = 2*f + 68 - 2. Suppose -5*b + 109 = 2*a, a + b - 56 = -0. Let r = a + f. What is the units digit of r?
4
Let q(c) = -451*c + 8 + 167*c - 440*c. What is the tens digit of q(-1)?
3
Let k = 14 - 65. Let f = k + 53. What is the units digit of (-125)/f*(0 - (-32)/(-20))?
0
What is the hundreds digit of -2*(-23370)/(-19)*10/(-3)?
2
Let j(c) = 138*c + 4350. What is the hundreds digit of j(-19)?
7
What is the thousands digit of ((-11)/55 - -1) + (-337124)/(-20)?
6
Let h(k) = -k**3 - 48*k**2 - 46*k + 121. Let m be h(-47). Suppose 3*g = -9, -35*j + m = -34*j + 3*g. What is the tens digit of j?
8
Let z = -3336 - -7033. What is the units digit of z?
7
Suppose 4*p + 0*p = -5*c + 3095, 0 = 3*c + 3*p - 1857. Suppose z - c = -5*t, 497 = 4*t + 9*z - 10*z. What is the tens digit of t?
2
Suppose 25*v = 12*v + 104. Suppose 0 = v*f - 6*f + 3*k - 2598, 2*f - 2596 = -2*k. What is the tens digit of f?
9
Suppose -4*n + o = -141, -2*n = -2*o - 70 + 4. Let m(i) = -5*i**2 - 57*i - 71. Let g be m(-10). What is the tens digit of (0 + g - -5) + n?
4
Let f(t) = t**3 + 19*t**2 - 18*t + 54. Let w be f(-21). What is the hundreds digit of (3 - (-57)/6)/((-9)/w)?
6
Suppose 5*s + 2*a = 188974 - 63222, 0 = s - 2*a - 25160. What is the thousands digit of s?
5
Let y be ((-417)/4)/(-5 - 301/(-56)). Let l = y - -609. What is the tens digit of l?
3
Let j = -1824 - -2944. Let p = j + -539. What is the tens digit of p?
8
What is the units digit of ((4/(-6))/(6/(-9513)))/((-19)/(-57))?
1
Suppose 8*s - 69 = 3035. Let a be (s/(-10))/((-1)/15). Suppose -6*u - a = -12*u. What is the units digit of u?
7
Let r = 15543 + 14883. What is the hundreds digit of r?
4
Let x be (-1018)/((-3)/((-3)/(-1)) - 1). Let s = x + -177. What is the units digit of s?
2
Let l(a) = a**3 + 39*a**2 + 4*a + 183. What is the tens digit of l(-29)?
7
Let a be 0 - (-4)/((-4)/(-5)). Let f = 74 + -72. Suppose 0*s - 4*x = f*s - 30, x - a = 0. What is the units digit of s?
5
Let o(n) = n - 3. Let q be o(8). Suppose -q*t = t. Suppose 5*b + x - 360 = -4*x, t = 5*x. What is the units digit of b?
2
Let x(b) = -2*b**2 - 149*b + 22666. What is the thousands digit of x(0)?
2
Suppose -393 - 321 = -2*d. Suppose -2*j - 1410 - d = -5*b, b = -2*j + 363. Suppose 2*k + z = -2*k + 345, -3*z + b = 4*k. What is the tens digit of k?
8
Let r(t) = 2*t**3 + t**2 - 2*t - 38. Let g be r(0). Let a = -44 - g. What is the tens digit of (-371)/a + (3/18 - 0)?
6
Let t be 1/(-1)*(-3 + -1522 + -9). Suppose -t*q + 1526*q = -15712. What is the thousands digit of q?
1
Suppose 0 = 3*z + 6, -2*z - 5102 = -5*a + 5802. What is the units digit of a?
0
Suppose -48*k - 96*k = -9243936. What is the thousands digit of k?
4
Suppose 109 + 299 = -6*p. Let x = 71 + p. Suppose x*q + z = -2*q + 90, q - 7 = 2*z. What is the units digit of q?
7
Let u be 63/(-42) + (-54)/4. Let d be (-9)/((-2 - -3)/u). Suppose 6*x - 5*x = d. What is the hundreds digit of x?
1
Let m(j) be the second derivative of 31*j**3/6 - 2*j**2 - 22*j. Let x be m(1). What is the tens digit of x - (0 + -2)/(-1)?
2
Let l(f) = -1392*f - 6291. What is the units digit of l(-73)?
5
Suppose -5*x - 5 = 0, 2*u + 39*x = 34*x + 16851. What is the thousands digit of u?
8
Suppose 5*v - 716 = 254. Let y = v + 54. What is the units digit of y?
8
Let g = 6409 + -3438. Let k = g - 1638. What is the tens digit of k?
3
Let n be ((-7)/2 - -3)*-86. Let b = 118 - n. Suppose 0 = 4*s - 601 - b. What is the units digit of s?
9
Let l be 44/66*(3 - 0/3). Suppose 0 = -2*o + l*w + 802, o - 206 = 4*w + 198. What is the units digit of o?
0
Let r = -3458 + 9760. What is the tens digit of r?
0
Suppose -3*g - 17 = 2*y + 25, 2*g = -4*y - 76. Suppose 0 = 4*i + 282 + 354. Let d = y - i. What is the units digit of d?
1
Let s be ((-4)/3)/(12/(-405)). S